e of 3*r**2/2 - 6*r + 1. What is the remainder when 23 is divided by d(6)?
11
Let t(p) = 3*p**3 + p**2 - 2*p + 1. Let u(r) = -2*r - 22. Let k be u(-14). Let o(z) = 2*z - 9. Calculate the remainder when t(1) is divided by o(k).
0
Suppose u - 2 + 0 = 0. Let i be 10/15*u*9. Let j = i + -2. What is the remainder when 17 is divided by j?
7
Let s = -15 + 11. Calculate the remainder when (-30)/20 + (-82)/s is divided by 7 + 3*(-4)/6.
4
Suppose -4*j - 2*l = -36, j + 56 = 5*j - 3*l. Suppose -2*n + j = 3*i, 0*n - 23 = -4*i - n. What is the remainder when i is divided by 4 + (0/3)/2?
3
Suppose 5*m = m + t + 17, 4*m - 27 = 3*t. Suppose -s = 3*s - 48. Let a = 17 - s. Calculate the remainder when a is divided by m.
2
Let l(r) = -11*r + 2*r**2 - r**2 + 2 + 7 + 4. Let i(m) = -2*m - 5. What is the remainder when l(11) is divided by i(-5)?
3
Suppose 0 = -21*z + 17*z + 20. Calculate the remainder when 5 is divided by z.
0
Let k be -1 + -1 - 2*5. Calculate the remainder when 27 is divided by ((-42)/k)/(1/2).
6
Suppose -2*m + 2 = 8. Calculate the remainder when 9 is divided by (m - -7)*-1 + 8.
1
Suppose -2*i + 126 = i. What is the remainder when 123 is divided by i?
39
Suppose -4*c + 60 = 5*j - 0*j, 4*c - 60 = j. What is the remainder when 89 is divided by c?
14
Calculate the remainder when 95 is divided by 72/20*(-20)/(-3).
23
Let y = -57 - -98. What is the remainder when 162 is divided by y?
39
Let y(t) = t**2 + 3*t - 4. Let k be y(-3). Let d be k/(-6) + (-1500)/(-18). What is the remainder when d/15 + (-4)/(-10) is divided by 4?
2
Let u(r) = 2 + r - 2 - 1 + 3*r**2. Calculate the remainder when -2 + 3 - (-2 + -1) is divided by u(1).
1
Suppose -2*r + 31 = 3*v - 14, 0 = -3*v - 5*r + 54. What is the remainder when 87 is divided by v?
9
Let f(z) = z**2 - 10*z + 7. What is the remainder when f(10) is divided by 5?
2
Let m(z) = -2*z**2 - 13*z + 3. What is the remainder when 34 is divided by m(-6)?
7
Let o = 2 - 0. Suppose 2*d - 28 = -o*d. What is the remainder when 13 + ((-12)/(-4) - 3) is divided by d?
6
Let h = 3 + -15. Let d = h + 25. Let p(v) = 5*v + 5. What is the remainder when p(4) is divided by d?
12
Let i(b) = b**2 + 2*b + 1. Suppose 2*l - 7*l + o = 5, 5 = -o. Calculate the remainder when i(l) is divided by 3/9 + 2/3.
0
Let p(f) = -7*f + 1. Suppose l + 8 = -l. Let v be (-9 + 6)*l/(-6). Calculate the remainder when 57 is divided by p(v).
12
Let o(f) = 2*f**2 - 3*f - 3. Let z = -25 - -16. Let w = z + 18. What is the remainder when w is divided by o(3)?
3
Suppose 2*v = u + u + 276, u = -3. Calculate the remainder when v is divided by 34.
33
Let s(m) = -11 + 4*m + 2*m**2 + 7*m - 3*m**2. Suppose -2*r = 2*r - 36. What is the remainder when s(r) is divided by 3?
1
Suppose 2*o - 9 = -c, 5*c = 2*o - 7*o + 45. Calculate the remainder when 14 is divided by c.
5
Suppose n + n + 11 = g, 3*g - 3*n = 21. Suppose -g*s - s + 52 = 0. What is the remainder when ((-6)/(-4))/((-3)/(-76)) is divided by s?
12
Suppose 0 = -2*p + 36 + 68. What is the remainder when p is divided by 14?
10
Let i(a) be the second derivative of -7*a**3/6 - 2*a. Let d be i(9). Let r = -28 - d. What is the remainder when r is divided by 18?
17
Let h = -30 + 99. What is the remainder when h is divided by 18?
15
Let w(s) = s**2 - 2*s + 5. Let j = 23 + -16. Let h be w(j). Suppose 0 = -2*b + h + 18. What is the remainder when b is divided by 15?
14
Suppose 0 = -4*a + 20 + 20. Let m(d) = d**3 - 11*d**2 + 10*d + 3. Calculate the remainder when a is divided by m(10).
1
Let o = 155 - 102. Let b = -49 + 68. What is the remainder when o is divided by b?
15
Let i = -122 - -184. Let k = i + -39. What is the remainder when k is divided by 13?
10
Suppose -2*p = -2*v + 15 - 1, 4*p = -4. Let z(u) = -u**3 + 6*u**2 + u - 4. What is the remainder when 1/(-9) + (-84)/(-27) is divided by z(v)?
1
What is the remainder when -1 - (3 - 67) - -3 is divided by 34?
32
Let k(q) = -q + 31. Calculate the remainder when k(0) is divided by 16.
15
Let r(v) = -3*v - 4. Let h = 4 + -3. Let c = h + 1. What is the remainder when r(-3) is divided by c?
1
Let b = 21 + 13. Let j = -12 + 30. Calculate the remainder when b is divided by j.
16
Let c be (6/4)/((-6)/(-8)). Suppose -k + c*j = -14, 3*j = -k + 43 - 9. Suppose -9*i + 49 = -23. Calculate the remainder when k is divided by i.
6
Suppose 2 - 4 = -n. Suppose 2*c + n*c = 24. Calculate the remainder when c is divided by 4.
2
Calculate the remainder when 33 is divided by (-3)/(-2)*-2*(-8 + 4).
9
Suppose 0 = -4*d - 4*t + 40, 3*d - 17 - 5 = -t. Let v = -8 - -24. What is the remainder when v is divided by d?
4
Suppose 4*q = -d + 15, d - 5*q - 60 = -3*d. Suppose -5*u + d + 40 = 0. Calculate the remainder when 41 is divided by u.
8
Suppose 9*a = i + 4*a - 286, -4*a = 2*i - 572. Calculate the remainder when i is divided by 36.
34
Let h be 2/(-9) + (-166)/(-18). Let t be (-4)/18 - (-140)/(-18). Let s = h - t. Calculate the remainder when 49 is divided by s.
15
Let w = -57 + 83. What is the remainder when w is divided by 14?
12
Suppose 5*p - 4*f = 90, -5*f = 3*p - 2*p - 18. Let n = p + -8. Calculate the remainder when n is divided by 5*1 + 0 + 1.
4
Let g be (46/(-8))/((-4)/(-16)). Let u = 33 + g. Let c = 34 - 16. Calculate the remainder when c is divided by u.
8
Let p be 1 + 5/(15/12). Suppose -n - 64 = -p*n. Calculate the remainder when 47 is divided by n.
15
Let i = -3 + 5. What is the remainder when (i/4)/(2/136) is divided by 18?
16
Suppose 0 = -5*z - b + 35 - 5, 5*b - 45 = -4*z. Calculate the remainder when (-4)/z*310/(-4) is divided by 82/4 - 1/(-2).
20
Let p(j) = 3*j - 1. Suppose -10 = r + 5*h, -5*r = -2*r + 5*h. What is the remainder when p(r) is divided by 5?
4
Suppose -2*q = -7*q - 5. Let m be 0*(-1)/(-2)*q. Suppose -3*j + 42 = -m*j. Calculate the remainder when 40 is divided by j.
12
What is the remainder when 90 is divided by (3 - (-25)/(-10))*62?
28
Let p = 31 - -20. Let t = 8 + 10. What is the remainder when p is divided by t?
15
Suppose 5*g + 5*i + 29 - 209 = 0, -4*i - 115 = -3*g. What is the remainder when g is divided by 13?
11
Suppose -5 = -c + 3*k, 3*k + 4 = 4*c - 34. Suppose q - 2*i + 3 = -7*i, 34 = 4*q - 3*i. Suppose 63 = 10*g - q*g. What is the remainder when g is divided by c?
10
Suppose -4*d - 3*m = -2*m + 76, 4*d + 56 = 4*m. Calculate the remainder when 22 is divided by (d/30)/((-1)/10).
4
Suppose -6*b - 29 = -3*s - b, 0 = -s + 5*b + 23. Let q(v) = 11*v - 2. Let t be q(s). Let r = -17 + t. Calculate the remainder when r is divided by 8.
6
Suppose 4*a = -4*p + 52, 2*a - a + 2*p = 18. Let w(m) = -m**2 - 8*m + 2. What is the remainder when w(-6) is divided by a?
6
Calculate the remainder when 31 is divided by (5 - (2 + -4))*3.
10
Let b(r) = r**3 + 6*r**2 - 11*r - 10. Let x be b(-7). Let g = x - -2. What is the remainder when g is divided by 11?
9
Let t = 37 - 57. Let z = 48 + t. Calculate the remainder when z is divided by 15.
13
Let h(c) = c**3 - 5*c**2 + 4*c - 1. Calculate the remainder when 57 + (-3 - -1)/1 is divided by h(5).
17
Let d(g) = 4*g**3 + g**2 + 2*g + 1. Let b be ((-30)/12)/(1/(-4)). Let h(m) = -m**2 + 9*m + 12. Let r be h(b). What is the remainder when d(r) is divided by 14?
13
Let p(w) = w**3 - 6*w**2 - 7*w - 1. Calculate the remainder when p(9) is divided by 14.
11
Suppose 5*u - y + 3 = 0, 3*u - 4*y = 2 - 14. Let s be u + 2 + 0 - 2. Suppose h - 2 - 8 = s. What is the remainder when 29 is divided by h?
9
Calculate the remainder when (3 - (3 - 4)) + 3 is divided by 4.
3
Let w = -43 + 79. What is the remainder when 33 is divided by 604/w + (-2)/(-9)?
16
Let w(b) = 23*b**2 + 1. Let n be w(1). Suppose 4*a = 5*a - n. Calculate the remainder when a is divided by 9.
6
Suppose -2*q = -7*q + 40. Let u(d) = -3*d - 22. Calculate the remainder when q is divided by u(-9).
3
Suppose 19 + 57 = 4*i. What is the remainder when i is divided by 12 + -1 - (-2 + 3)?
9
Let b(h) = 2*h**2 - 5*h + 3. Let d(k) = -2*k**2 + 5*k - 2. Let y(i) = -2*b(i) - 3*d(i). Let x = -2 - -6. Calculate the remainder when 34 is divided by y(x).
10
Let p(o) = -o. Let q be p(-5). Suppose -n + 6 = q. Calculate the remainder when n is divided by 1.
0
Let t = -9 - -13. Let c = 5 + -3. Calculate the remainder when t is divided by c.
0
Suppose -3*n = -5 - 10. Suppose -n*p = -2*p - 102. What is the remainder when